n = t, -a - 3*t + 42 = a. Suppose -2*o + 3*o - 42 = 0. Calculate the remainder when o is divided by a.
12
Let d be (4 + -2)*29/2. Let z = d + -15. Calculate the remainder when 52 is divided by z.
10
Suppose -2*q - 5*i - 9 = 0, 0 = 4*q - 4*i + 15 - 39. What is the remainder when 7 is divided by q?
1
Let o(h) = -12*h + 4. Let r be o(6). Let m = -43 - r. What is the remainder when m is divided by (-26)/(-3)*(-15)/(-20)*2?
12
Let b(z) = 9*z + 1. Let q(i) be the second derivative of -i**5/20 + 5*i**4/12 + 7*i**3/6 - 7*i**2/2 - 2*i. Calculate the remainder when q(5) is divided by b(1).
8
Suppose o = -2 - 0. Let i(m) = 18*m**3 + 3*m**2 + 3*m. Let w be i(o). Calculate the remainder when (w/4)/(3/(-4)) is divided by 16.
14
Let k = 23 - 13. What is the remainder when 17 is divided by k?
7
Suppose 8*o - 4*o - 236 = 0. Let i = o + -27. Calculate the remainder when i is divided by 11.
10
Calculate the remainder when 26 is divided by (-516)/(-60) + (-4)/(-10).
8
Let b be 17/(-4)*(-2 - 2). Let m be ((-2)/8)/1*-8. Suppose -4*h + 5*s = -97, -4*h - m*s = b - 79. What is the remainder when h is divided by 5?
3
Let j(f) = -f**2 + 9*f. Let q be j(12). Let a = -14 - q. Calculate the remainder when a is divided by 8.
6
Suppose 2*q = -3*q + 30. Let h be ((-12)/10)/((-2)/5). Let m = h + 14. What is the remainder when m is divided by q?
5
Suppose -5*p = -4*o + 33 - 5, -p - 8 = -2*o. Suppose 0 = h - 0*h - 2*b, 3*h = 5*b + o. What is the remainder when ((-4)/(-3))/4*33 is divided by h?
3
Suppose 2*d - 673 = -5*n, -536 = -4*n - 0*d - d. Calculate the remainder when n is divided by 34.
31
Suppose 2*d - 15 = -d. Calculate the remainder when 2*(0 + 1) + 11 is divided by d.
3
Suppose 2*m = m - 2, 2*m - 11 = -3*p. Let y(a) = a**2 - 4*a + 5. Suppose -5*w - 69 = -3*l, 2*l = l - 3*w + 37. What is the remainder when l is divided by y(p)?
8
Let k = -114 + 162. Let c = k + -7. Calculate the remainder when c is divided by 14.
13
Suppose -2*t = 3*t - 20. Suppose m - l = 16, 6*l - 3*l - 43 = -t*m. What is the remainder when m is divided by 5?
3
Suppose -21 = -2*t + 79. Let f = 16 - 3. Calculate the remainder when t is divided by f.
11
Suppose 5*b - 31 = 44. What is the remainder when b is divided by 6?
3
Let c(v) be the first derivative of 5*v**3 - v + 1. Let q(u) = u**2 - 5*u + 5. Let m be q(4). Calculate the remainder when c(m) is divided by 8.
6
Suppose 0*t + k = t - 11, 2*k + 10 = 0. What is the remainder when t is divided by 6?
0
Let r(y) = -3*y - 15. Calculate the remainder when 27 is divided by r(-7).
3
Suppose h + h = 38. Suppose -5*u = 2*y - 29, 4*u = y - 2*y + h. What is the remainder when 188/10 + (-4)/(-20) is divided by y?
5
Suppose -8*c = -2*c - 6. Calculate the remainder when 4 is divided by c.
0
Suppose 0 = 5*f - 3*m - 51, -38 = -5*f - m + 25. What is the remainder when 57 is divided by f?
9
Suppose 2*k - 2 = -6. What is the remainder when 33/5 + (-2)/(-5) is divided by (12/10 + k)*-5?
3
Let h be (-3)/(3 - 22/8). Let a be (-26)/(-10) + h/20. Suppose -5*l - 15 = 0, k + l - 1 = -a*l. Calculate the remainder when 19 is divided by k.
9
Suppose 5*n - 50 = -5*q, -3*n + 7 + 2 = 0. Let c = 31 - q. What is the remainder when 93 is divided by c?
21
Suppose -5*k + 7*k = 42. Calculate the remainder when k is divided by 8.
5
Calculate the remainder when 0 + 80/5 + 4 is divided by 6.
2
Suppose 5*d + 0 = 3*b + 161, 6 = 2*b. Calculate the remainder when 135 is divided by d.
33
Let j(h) = -h**2 - 9*h + 3. What is the remainder when j(-4) is divided by 12?
11
Let v be 1 + -2 + -7*1. Let j = 0 - v. Calculate the remainder when (-1 + j)/((-2)/(-8)) is divided by 15.
13
What is the remainder when 2132/(-39)*(-3)/2 is divided by 28?
26
Let m(h) = h**2 - 5*h. Suppose 32 = 2*k + 4*c, 3*c - 8 = 2*k - c. What is the remainder when m(k) is divided by -1 + -5*(-1 - 0)?
2
Suppose -5*k + 5*c = -100, 0*k - k + 5*c = -24. Calculate the remainder when k is divided by 5.
4
Suppose 30*y - 1309 = 23*y. Calculate the remainder when y is divided by 47.
46
Suppose 4*d = -2*i + 3*d + 51, -3*d + 15 = 0. Calculate the remainder when i is divided by 5.
3
Suppose 94 = 3*y + 7. Calculate the remainder when y is divided by (12/(-42))/(-2) + (-138)/(-14).
9
Let s = -3 + 5. Suppose l + s = 4. Suppose 3*j - 3*b - 78 = 0, -l*b = 5*j - 90 - 61. Calculate the remainder when j is divided by 10.
9
Let m be (-1 - -4)*(-2 + 4). Suppose 4*d - m*d = -30. Suppose -2*j + w - 10 = 4*w, 3*j - 3*w = d. Calculate the remainder when 1 is divided by j.
0
Suppose -4*m = 3*t - 169, 7*t - 4*t - 204 = 3*m. Suppose 5*j = t - 13. Let b = j + 33. What is the remainder when b is divided by 15?
13
Let h be ((-159)/(-6) + 2)*2. Suppose 0 = -4*z + 2*c + 42, -5*z + 4*c = -0*z - h. What is the remainder when z is divided by (2/4)/((-2)/(-20))?
4
Let s(b) = 6*b + 19. What is the remainder when 27 is divided by s(-2)?
6
Let f be 2/3 - 38/(-6). Let y = f + -3. What is the remainder when 15 is divided by y?
3
Let t be 6/(-8) - (-376)/32. Suppose 0 = c - t + 3. What is the remainder when c is divided by 3?
2
Suppose -2*p + 2 = -p. Let u(z) = 5*z**3 + z**2 - 2*z + 1. Calculate the remainder when u(1) is divided by p.
1
Let p(m) = 5*m**3 - m**2 + 2. What is the remainder when p(1) is divided by 1/(4/(-5) - -1)?
1
Let x(d) = 13*d**2 - 5*d - 6. Let j be x(-6). Calculate the remainder when (-6)/33 + j/44 is divided by 4.
3
Suppose 4*z = -0*z. Let p = 13 - z. What is the remainder when p is divided by 7?
6
Let s = 3 - 1. Suppose -3*i + 4*g - 2*g = -25, 4*i = -s*g + 10. Let w = 12 - 8. Calculate the remainder when i is divided by w.
1
Suppose -3*r + 2*r = -4*c + 68, -3*c + 2*r + 46 = 0. Calculate the remainder when c is divided by 7.
4
Let x be ((-12)/9)/(2/(-6)). Let r = 0 - x. What is the remainder when 47 is divided by (-62)/r + 2/4?
15
Let k = 28 - 17. Suppose 0*y - 2*y + 5*v = -87, 2*y = 4*v + 82. What is the remainder when y is divided by k?
9
Suppose 4*n - 120 = 5*m + 8*n, n - 35 = 2*m. Let x = 28 + m. Calculate the remainder when x is divided by 5 + -1 + 0 + 1.
3
Let v(m) = 5*m**3 - 4*m**2 - 2*m. Calculate the remainder when 39 is divided by v(2).
19
Let q(d) = 44*d**2 + 3*d - 1. Let t be q(-3). Let s = t - 272. What is the remainder when 26 is divided by s/8 + (-6)/24?
12
Let v = -17 + 110. Calculate the remainder when v is divided by 24.
21
Suppose 3*q + 16 = w, -5*w - 4*q + 103 = -15. Suppose -w = -2*i - 2*a, 5*a = 7*i - 2*i - 75. What is the remainder when 38 is divided by i?
12
Let f(t) = 21*t - 30*t - t**2 + 0*t**2 + 6. Calculate the remainder when 37 is divided by f(-7).
17
Let z be (1/2)/((-2)/20). Let y(h) = -h**2 - 8*h - 6. Let r = 25 - 10. What is the remainder when r is divided by y(z)?
6
Let c = 2 + 1. Suppose -5 + 50 = c*p. Calculate the remainder when p is divided by 4.
3
Suppose 5*w + 6 = 6*w. What is the remainder when 10 is divided by w?
4
Let d(s) = -s**3 - 10*s**2 - 10*s - 5. Let x be d(-9). What is the remainder when ((-2)/x)/(4/(-160)) is divided by 11?
9
Let s(y) = -7*y**3 + 2*y**2 - 2*y - 1. Let u be s(-2). Let v = 112 - u. Let a = -13 + v. What is the remainder when a is divided by 17?
15
Let a(q) = 13*q + 8. What is the remainder when a(15) is divided by 17?
16
Let x(f) = 1 - f**2 - 2*f**2 + 4*f**2. Let o(q) = q - 3. Calculate the remainder when x(1) is divided by o(4).
0
Let z(v) = 17*v. Let d(k) = 2*k + 4. Let b be d(4). What is the remainder when z(2) is divided by (1/(-1) + 2)*b?
10
Let m(o) = -o**2 + 8*o + 4. Let k be (-4)/((-1 - -2)*-1). What is the remainder when 39 is divided by m(k)?
19
Suppose -25*i + 270 = -10*i. Let l = 93 - 40. Calculate the remainder when l is divided by i.
17
Let w = 64 - 33. Calculate the remainder when w is divided by 16.
15
Suppose -r - 4*o + 4 = -6, -2*o - 44 = -3*r. Suppose -5*y + 39 - r = 0. Suppose -4*i + 12 = -24. What is the remainder when i is divided by y?
4
Let f(v) = -v**2 - 11*v + 14. Let o be f(-11). Suppose 0 = t + 2*t + 5*n - o, 72 = 4*t - 4*n. What is the remainder when 23 is divided by t?
10
Let q(j) = -16*j + 7. Calculate the remainder when q(-4) is divided by 18.
17
Suppose 2*g = -2, 54 = 2*m + 3*m - 4*g. Let o(q) = 6*q + 2. Let t(v) = -v**2 + 8*v - 1. Let h be t(7). Calculate the remainder when o(h) is divided by m.
8
Let b(q) = 81*q**3 + 3*q - 2. Calculate the remain